{"id":900,"date":"2026-05-01T04:56:53","date_gmt":"2026-05-01T08:56:53","guid":{"rendered":"https:\/\/lodehoyrd.com\/?page_id=900"},"modified":"2026-05-01T04:56:53","modified_gmt":"2026-05-01T08:56:53","slug":"sobre-nosotros","status":"publish","type":"page","link":"https:\/\/lodehoyrd.com\/?page_id=900","title":{"rendered":"SOBRE NOSOTROS"},"content":{"rendered":"\n<p>Lodehoyrd es un medio digital comprometido con informar de manera veraz, oportuna y responsable a nuestra comunidad, somos parte de una red de canales digitales o redes sociales diseminadas en todas las plataformas de consumo masivo que existen actualmente. <\/p>\n\n\n\n<p>Como medio independiente, nuestro objetivo es llevar noticias locales, nacionales e internacionales con transparencia, \u00e9tica y profesionalismo, contribuyendo al desarrollo informativo de la sociedad.<\/p>\n\n\n\n<p>Contamos con un equipo dedicado a la investigaci\u00f3n, redacci\u00f3n y difusi\u00f3n de noticias relevantes para la comunidad, sin estar sujetos a ninguna presion o compromiso pol\u00edtico o estatal de la Republica Dominicana. <\/p>\n\n\n\n<h3 class=\"wp-block-heading\">\u2705 1. Veracidad<\/h3>\n\n\n\n<p>Toda la informaci\u00f3n publicada es verificada antes de su difusi\u00f3n.<\/p>\n\n\n\n<hr class=\"wp-block-separator has-alpha-channel-opacity\"\/>\n\n\n\n<h3 class=\"wp-block-heading\">\u2705 2. Independencia<\/h3>\n\n\n\n<p>Nuestro contenido no est\u00e1 influenciado por intereses pol\u00edticos, econ\u00f3micos o personales.<\/p>\n\n\n\n<hr class=\"wp-block-separator has-alpha-channel-opacity\"\/>\n\n\n\n<h3 class=\"wp-block-heading\">\u2705 3. Responsabilidad<\/h3>\n\n\n\n<p>Nos comprometemos a informar sin da\u00f1ar la reputaci\u00f3n de personas o instituciones sin pruebas.<\/p>\n\n\n\n<hr class=\"wp-block-separator has-alpha-channel-opacity\"\/>\n\n\n\n<h3 class=\"wp-block-heading\">\u2705 4. Correcciones<\/h3>\n\n\n\n<p>Si cometemos un error, ser\u00e1 corregido de manera transparente y oportuna.<\/p>\n\n\n\n<hr class=\"wp-block-separator has-alpha-channel-opacity\"\/>\n\n\n\n<h3 class=\"wp-block-heading\">\u2705 5. Respeto<\/h3>\n\n\n\n<p>Respetamos la dignidad, privacidad y derechos de todas las personas.<\/p>\n\n\n\n<hr class=\"wp-block-separator has-alpha-channel-opacity\"\/>\n\n\n\n<h3 class=\"wp-block-heading\">\u2705 6. Fuentes<\/h3>\n\n\n\n<p>Utilizamos fuentes confiables y citamos cuando es necesario.<\/p>\n\n\n\n<hr class=\"wp-block-separator has-alpha-channel-opacity\"\/>\n\n\n\n<h3 class=\"wp-block-heading\">\u2705 7. Publicidad<\/h3>\n\n\n\n<p>Todo contenido patrocinado ser\u00e1 claramente identificado como publicidad.<\/p>\n\n\n\n<p>Para cualquier otra informaci\u00f3n nos puede contactar al Whatsapp 1 829 580 2620 <\/p>\n\n\n\n<p>Esteban de la Rosa  <\/p>\n\n\n\n<p><\/p>\n","protected":false},"excerpt":{"rendered":"<p>Lodehoyrd es un medio digital comprometido con informar de manera veraz, oportuna y responsable a nuestra comunidad, somos parte de una red de canales digitales o redes sociales diseminadas en todas las plataformas de consumo masivo que existen actualmente. Como medio independiente, nuestro objetivo es llevar noticias locales, nacionales e internacionales con transparencia, \u00e9tica y&#8230;<\/p>\n","protected":false},"author":1,"featured_media":0,"parent":0,"menu_order":0,"comment_status":"closed","ping_status":"closed","template":"","meta":{"footnotes":""},"class_list":["post-900","page","type-page","status-publish","hentry"],"yoast_head":"<!-- This site is optimized with the Yoast SEO plugin v27.4 - https:\/\/yoast.com\/product\/yoast-seo-wordpress\/ -->\n<title>SOBRE NOSOTROS - LODEHOYRD.COM<\/title>\n<meta name=\"robots\" content=\"index, follow, max-snippet:-1, max-image-preview:large, max-video-preview:-1\" \/>\n<link rel=\"canonical\" href=\"https:\/\/lodehoyrd.com\/?page_id=900\" \/>\n<meta property=\"og:locale\" content=\"es_ES\" \/>\n<meta property=\"og:type\" content=\"article\" \/>\n<meta property=\"og:title\" content=\"SOBRE NOSOTROS - LODEHOYRD.COM\" \/>\n<meta property=\"og:description\" content=\"Lodehoyrd es un medio digital comprometido con informar de manera veraz, oportuna y responsable a nuestra comunidad, somos parte de una red de canales digitales o redes sociales diseminadas en todas las plataformas de consumo masivo que existen actualmente. Como medio independiente, nuestro objetivo es llevar noticias locales, nacionales e internacionales con transparencia, \u00e9tica y...\" \/>\n<meta property=\"og:url\" content=\"https:\/\/lodehoyrd.com\/?page_id=900\" \/>\n<meta property=\"og:site_name\" content=\"LODEHOYRD.COM\" \/>\n<meta property=\"article:publisher\" content=\"https:\/\/www.facebook.com\/lodeoyrd\/\" \/>\n<meta name=\"twitter:card\" content=\"summary_large_image\" \/>\n<meta name=\"twitter:site\" content=\"@PatriotasDom\" \/>\n<meta name=\"twitter:label1\" content=\"Est. reading time\" \/>\n\t<meta name=\"twitter:data1\" content=\"1 minuto\" \/>\n<script type=\"application\/ld+json\" class=\"yoast-schema-graph\">{\"@context\":\"https:\\\/\\\/schema.org\",\"@graph\":[{\"@type\":\"WebPage\",\"@id\":\"https:\\\/\\\/lodehoyrd.com\\\/?page_id=900\",\"url\":\"https:\\\/\\\/lodehoyrd.com\\\/?page_id=900\",\"name\":\"SOBRE NOSOTROS - LODEHOYRD.COM\",\"isPartOf\":{\"@id\":\"https:\\\/\\\/lodehoyrd.com\\\/#website\"},\"datePublished\":\"2026-05-01T08:56:53+00:00\",\"breadcrumb\":{\"@id\":\"https:\\\/\\\/lodehoyrd.com\\\/?page_id=900#breadcrumb\"},\"inLanguage\":\"es-DO\",\"potentialAction\":[{\"@type\":\"ReadAction\",\"target\":[\"https:\\\/\\\/lodehoyrd.com\\\/?page_id=900\"]}]},{\"@type\":\"BreadcrumbList\",\"@id\":\"https:\\\/\\\/lodehoyrd.com\\\/?page_id=900#breadcrumb\",\"itemListElement\":[{\"@type\":\"ListItem\",\"position\":1,\"name\":\"Home\",\"item\":\"https:\\\/\\\/lodehoyrd.com\\\/\"},{\"@type\":\"ListItem\",\"position\":2,\"name\":\"SOBRE NOSOTROS\"}]},{\"@type\":\"WebSite\",\"@id\":\"https:\\\/\\\/lodehoyrd.com\\\/#website\",\"url\":\"https:\\\/\\\/lodehoyrd.com\\\/\",\"name\":\"LODEHOYRD.COM\",\"description\":\"INFORMACION ACTUAL Y VERAZ \",\"publisher\":{\"@id\":\"https:\\\/\\\/lodehoyrd.com\\\/#organization\"},\"potentialAction\":[{\"@type\":\"SearchAction\",\"target\":{\"@type\":\"EntryPoint\",\"urlTemplate\":\"https:\\\/\\\/lodehoyrd.com\\\/?s={search_term_string}\"},\"query-input\":{\"@type\":\"PropertyValueSpecification\",\"valueRequired\":true,\"valueName\":\"search_term_string\"}}],\"inLanguage\":\"es-DO\"},{\"@type\":\"Organization\",\"@id\":\"https:\\\/\\\/lodehoyrd.com\\\/#organization\",\"name\":\"LODEHOYRD\",\"url\":\"https:\\\/\\\/lodehoyrd.com\\\/\",\"logo\":{\"@type\":\"ImageObject\",\"inLanguage\":\"es-DO\",\"@id\":\"https:\\\/\\\/lodehoyrd.com\\\/#\\\/schema\\\/logo\\\/image\\\/\",\"url\":\"https:\\\/\\\/lodehoyrd.com\\\/wp-content\\\/uploads\\\/2026\\\/01\\\/cropped-587839248_1764678434311177_7454960250106730443_n.jpg\",\"contentUrl\":\"https:\\\/\\\/lodehoyrd.com\\\/wp-content\\\/uploads\\\/2026\\\/01\\\/cropped-587839248_1764678434311177_7454960250106730443_n.jpg\",\"width\":512,\"height\":512,\"caption\":\"LODEHOYRD\"},\"image\":{\"@id\":\"https:\\\/\\\/lodehoyrd.com\\\/#\\\/schema\\\/logo\\\/image\\\/\"},\"sameAs\":[\"https:\\\/\\\/www.facebook.com\\\/lodeoyrd\\\/\",\"https:\\\/\\\/x.com\\\/PatriotasDom\",\"https:\\\/\\\/www.instagram.com\\\/lodehoyr\\\/\",\"https:\\\/\\\/www.tiktok.com\\\/@lodehoyrd\"]}]}<\/script>\n<!-- \/ Yoast SEO plugin. -->","yoast_head_json":{"title":"SOBRE NOSOTROS - LODEHOYRD.COM","robots":{"index":"index","follow":"follow","max-snippet":"max-snippet:-1","max-image-preview":"max-image-preview:large","max-video-preview":"max-video-preview:-1"},"canonical":"https:\/\/lodehoyrd.com\/?page_id=900","og_locale":"es_ES","og_type":"article","og_title":"SOBRE NOSOTROS - LODEHOYRD.COM","og_description":"Lodehoyrd es un medio digital comprometido con informar de manera veraz, oportuna y responsable a nuestra comunidad, somos parte de una red de canales digitales o redes sociales diseminadas en todas las plataformas de consumo masivo que existen actualmente. Como medio independiente, nuestro objetivo es llevar noticias locales, nacionales e internacionales con transparencia, \u00e9tica y...","og_url":"https:\/\/lodehoyrd.com\/?page_id=900","og_site_name":"LODEHOYRD.COM","article_publisher":"https:\/\/www.facebook.com\/lodeoyrd\/","twitter_card":"summary_large_image","twitter_site":"@PatriotasDom","twitter_misc":{"Est. reading time":"1 minuto"},"schema":{"@context":"https:\/\/schema.org","@graph":[{"@type":"WebPage","@id":"https:\/\/lodehoyrd.com\/?page_id=900","url":"https:\/\/lodehoyrd.com\/?page_id=900","name":"SOBRE NOSOTROS - LODEHOYRD.COM","isPartOf":{"@id":"https:\/\/lodehoyrd.com\/#website"},"datePublished":"2026-05-01T08:56:53+00:00","breadcrumb":{"@id":"https:\/\/lodehoyrd.com\/?page_id=900#breadcrumb"},"inLanguage":"es-DO","potentialAction":[{"@type":"ReadAction","target":["https:\/\/lodehoyrd.com\/?page_id=900"]}]},{"@type":"BreadcrumbList","@id":"https:\/\/lodehoyrd.com\/?page_id=900#breadcrumb","itemListElement":[{"@type":"ListItem","position":1,"name":"Home","item":"https:\/\/lodehoyrd.com\/"},{"@type":"ListItem","position":2,"name":"SOBRE NOSOTROS"}]},{"@type":"WebSite","@id":"https:\/\/lodehoyrd.com\/#website","url":"https:\/\/lodehoyrd.com\/","name":"LODEHOYRD.COM","description":"INFORMACION ACTUAL Y VERAZ ","publisher":{"@id":"https:\/\/lodehoyrd.com\/#organization"},"potentialAction":[{"@type":"SearchAction","target":{"@type":"EntryPoint","urlTemplate":"https:\/\/lodehoyrd.com\/?s={search_term_string}"},"query-input":{"@type":"PropertyValueSpecification","valueRequired":true,"valueName":"search_term_string"}}],"inLanguage":"es-DO"},{"@type":"Organization","@id":"https:\/\/lodehoyrd.com\/#organization","name":"LODEHOYRD","url":"https:\/\/lodehoyrd.com\/","logo":{"@type":"ImageObject","inLanguage":"es-DO","@id":"https:\/\/lodehoyrd.com\/#\/schema\/logo\/image\/","url":"https:\/\/lodehoyrd.com\/wp-content\/uploads\/2026\/01\/cropped-587839248_1764678434311177_7454960250106730443_n.jpg","contentUrl":"https:\/\/lodehoyrd.com\/wp-content\/uploads\/2026\/01\/cropped-587839248_1764678434311177_7454960250106730443_n.jpg","width":512,"height":512,"caption":"LODEHOYRD"},"image":{"@id":"https:\/\/lodehoyrd.com\/#\/schema\/logo\/image\/"},"sameAs":["https:\/\/www.facebook.com\/lodeoyrd\/","https:\/\/x.com\/PatriotasDom","https:\/\/www.instagram.com\/lodehoyr\/","https:\/\/www.tiktok.com\/@lodehoyrd"]}]}},"_hostinger_reach_plugin_has_subscription_block":false,"_hostinger_reach_plugin_is_elementor":false,"_links":{"self":[{"href":"https:\/\/lodehoyrd.com\/index.php?rest_route=\/wp\/v2\/pages\/900","targetHints":{"allow":["GET"]}}],"collection":[{"href":"https:\/\/lodehoyrd.com\/index.php?rest_route=\/wp\/v2\/pages"}],"about":[{"href":"https:\/\/lodehoyrd.com\/index.php?rest_route=\/wp\/v2\/types\/page"}],"author":[{"embeddable":true,"href":"https:\/\/lodehoyrd.com\/index.php?rest_route=\/wp\/v2\/users\/1"}],"replies":[{"embeddable":true,"href":"https:\/\/lodehoyrd.com\/index.php?rest_route=%2Fwp%2Fv2%2Fcomments&post=900"}],"version-history":[{"count":1,"href":"https:\/\/lodehoyrd.com\/index.php?rest_route=\/wp\/v2\/pages\/900\/revisions"}],"predecessor-version":[{"id":902,"href":"https:\/\/lodehoyrd.com\/index.php?rest_route=\/wp\/v2\/pages\/900\/revisions\/902"}],"wp:attachment":[{"href":"https:\/\/lodehoyrd.com\/index.php?rest_route=%2Fwp%2Fv2%2Fmedia&parent=900"}],"curies":[{"name":"wp","href":"https:\/\/api.w.org\/{rel}","templated":true}]}}